ainder when h(10) is divided by o?
14
Let q(z) = -z**2 - 22239*z + 1 + 22240*z + 3*z**2. Let p = -5 + 8. What is the remainder when 41 is divided by q(p)?
19
Let k = -4061 - -4076. Let x(m) = 14*m. What is the remainder when x(3) is divided by k?
12
Let m(h) be the second derivative of 5*h**4/12 - h**3/6 + h**2 + h. What is the remainder when m(-3) is divided by 27?
23
Suppose 5*w + 5*i = 5, -2*w - i = 4*i + 10. Suppose -34 = 2*y - 2*x, -w*y + 55 = -8*y + 5*x. What is the remainder when 32 is divided by y/(-10)*44/6?
10
Let o be 0 - 4*(-5)/10. Suppose 5*y - 41 = 4*s, -y + 2*y - o*s - 7 = 0. What is the remainder when 51 is divided by y?
6
Suppose 2*d + d = -105. What is the remainder when 27 is divided by (-2)/(-1*(-5)/d)?
13
Let k(n) = n**3 + 10*n**2 - n - 11. What is the remainder when k(-8) is divided by 33?
26
Suppose 2*v - 5*x = 1031, -9*x + 11*x = -4*v + 2026. Calculate the remainder when v is divided by 7.
4
Let p(c) = -15*c**3 + c**2 + c + 1. Let i be p(-1). Suppose 7*n + i = 8*n. Calculate the remainder when 44 is divided by n.
12
Suppose -16 = -2*s + 2*u - 4*u, -24 = -3*s - u. Let y(v) = -14*v + 11. Let q be y(-4). Let o = 81 - q. Calculate the remainder when o is divided by s.
6
Let v = 62 + -32. Calculate the remainder when 56 is divided by v.
26
Let o be (-2 + 8/4)/(16/(-8)). Let n = 5 - 3. Suppose -h + n*h - 2*b + 9 = o, -4*h - 1 = -b. What is the remainder when 3 is divided by h?
0
Suppose -2*c = 10 + 2. Let i(x) be the first derivative of x**3/3 - x**2 + 2*x + 65. What is the remainder when i(c) is divided by 17?
16
Let c = 49 - -26. Suppose 2364 = 64*s - 68. Calculate the remainder when c is divided by s.
37
Calculate the remainder when 116 - 6/9*27/(-6) is divided by 18.
11
Let r(q) = -q**3 - q**2 - q. Let l(p) = -2*p**2 + 7 - 10*p - 3*p**3 - 3 - 8*p**2. Let o(u) = -l(u) + 2*r(u). What is the remainder when o(-6) is divided by 11?
9
Suppose -4*n = -q + 5*q - 92, 0 = -q - 4*n + 35. Let u(o) = -q*o + 4 + o**2 + 12*o + 1. What is the remainder when 89 is divided by u(9)?
20
Suppose a = -g - 0*a - 2, -2*a = g + 4. Suppose 0 = -2*h + 4 - g. Suppose 3 = -4*k - m + 56, k = h*m + 2. Calculate the remainder when 21 is divided by k.
9
Suppose 6 = -3*z - 3, -5*u - z = -57. Calculate the remainder when 19 is divided by u.
7
Suppose 9*k + 193 - 949 = 0. What is the remainder when 188 is divided by k?
20
Suppose -56 = 5*h - 4*x, -5*x = h + h + 29. Let o = 18 + h. What is the remainder when 29 is divided by o?
5
Let r = -117 - -32. Let g = 100 + r. What is the remainder when 74 is divided by g?
14
Let t be 7 + (0/3 - 4). Suppose 22 = t*l - 0*c - c, -3*l + 17 = 4*c. What is the remainder when 18 is divided by l?
4
Let k(b) = 5*b + 301. What is the remainder when k(-10) is divided by 65?
56
Let t(v) = -2 + 2*v + 3 - 6*v + 18. Calculate the remainder when t(-4) is divided by 12.
11
Suppose 4*q - 741 - 822 = -5*t, -5*q + 1964 = -4*t. Calculate the remainder when q is divided by 132.
128
Suppose -2*t + 7792 = 5*k, 2891 + 3343 = 4*k + 2*t. Calculate the remainder when k is divided by 12.
10
Let d(b) be the third derivative of b**5/20 - 7*b**4/12 + 2*b**3/3 - 16*b**2. What is the remainder when d(6) is divided by 6?
4
Suppose -3*r = 3*z + 3, z - 3 = 2*r - 4. What is the remainder when 23 is divided by r - -12 - (-20)/20?
10
Suppose 0 = -6*z + 5 + 55. Calculate the remainder when (-2)/z + (-1)/((-10)/62) is divided by 3.
0
Suppose 13*b - 1653 = -6*b. Suppose 3*k = 2*k + b. Calculate the remainder when k is divided by 24.
15
Let l(n) = 3*n + 2*n - 5*n + 2*n + 31. What is the remainder when l(-10) is divided by 7?
4
Suppose 0 = -2*w - 2*w + 12. Suppose 0*p = p + 3*n - w, 2*p - 2*n = 6. What is the remainder when 6/9 + 168/72 is divided by p?
0
Let q(i) = 4*i + 4. Let y be q(8). Suppose -9*f + 8*f = -y. Calculate the remainder when f is divided by 19.
17
Let t = -513 + 733. What is the remainder when t is divided by 13?
12
Let u(j) = j**2 + 5*j - 14. Let h(n) = -3*n**2 - 14*n + 42. Let d(w) = 4*h(w) + 11*u(w). Calculate the remainder when d(0) is divided by 8.
6
Suppose -19*n + 273 = -17*n - i, 3*n - 432 = -3*i. What is the remainder when 284 is divided by n?
6
Suppose -13*s - 792 = -21*s. Calculate the remainder when s is divided by 8.
3
Let d(c) be the third derivative of -c**6/120 + 7*c**5/60 - 5*c**4/12 + 7*c**3/2 - 37*c**2. What is the remainder when d(5) is divided by 13?
8
Suppose -4*h - 2*d = -1010, 3*h - 1024 + 266 = -2*d. What is the remainder when h is divided by 11?
10
Suppose -20 = -2*x + 154. Suppose -2*l = 5*o + 212, -2*l = -o + x + 101. What is the remainder when 20 is divided by (-41)/(-6) + (-16)/l?
6
Let s = 7 - -7. Suppose 11 = -4*p + 3. What is the remainder when (-2)/p + (-40)/(-1) is divided by s?
13
Let t(y) = 117*y - 7. What is the remainder when t(6) is divided by 20?
15
Suppose -3*q = 3*d - 77 + 14, 2*q = 5*d + 35. Let p = -722 - -504. Let a = 317 + p. Calculate the remainder when a is divided by q.
19
Let y(h) = -h**3 - 8*h**2 - 11*h - 4. What is the remainder when y(-7) is divided by 7?
3
Suppose -4*d + 75 = o + 16, -4*d = -4. Suppose 3*t - 57 = -2*m, t - m = -2*t + 57. Calculate the remainder when o is divided by t.
17
Let m(y) = y**3 - 3*y**2 + 6*y + 8. What is the remainder when m(6) is divided by (-9)/(1215/(-963)) - (-16)/(-120)?
5
Let v(y) = y**2 + 6*y + 10. What is the remainder when 11 is divided by v(-4)?
1
Let d(b) be the first derivative of b**2/2 + 55*b - 35. What is the remainder when 76 is divided by d(-28)?
22
Let k = 363 - 349. What is the remainder when 80 is divided by k?
10
Let i = 42 - 26. Suppose -4*b = b - 2*w - i, -5*b = w - 22. Suppose 0 = b*s - 0*s - 20. What is the remainder when s is divided by 4?
1
Suppose 4*c = 725 + 43. What is the remainder when c is divided by 50?
42
Let m = 265 - 176. Let g = 571 - 548. What is the remainder when m is divided by g?
20
Let y(z) = 104*z**2 + z - 1. Suppose -5*t - 4*h + 3 = 18, 4*h + 20 = 0. What is the remainder when y(t) is divided by 21?
20
Let c(g) = -13*g - 1. Let k be c(-1). Let p(n) = n**2 - 13*n + 14. Suppose -9 = -2*t + 5. Calculate the remainder when t is divided by p(k).
1
Let z = 76 + -38. What is the remainder when 69 is divided by z?
31
Let f = 194 + -183. What is the remainder when 28 is divided by f?
6
Calculate the remainder when 94 is divided by 1/4 + 869/44 + 4.
22
Let u(t) be the first derivative of -18*t**2 + t + 12. What is the remainder when u(-6) is divided by 44?
41
Let o(a) = -107*a - 4. Let v be o(-1). Let l = v - 85. What is the remainder when 124 is divided by l?
16
Let d(a) = -49*a + 396. Calculate the remainder when d(5) is divided by 45.
16
Let z = -5 + 10. Let v(l) = -l + 9. Calculate the remainder when z is divided by v(5).
1
Suppose 7*n + 225 = 10*n + i, 0 = -i. Suppose -55 = -2*k + z, -k + 3*z - 4 = -39. Calculate the remainder when n is divided by k.
23
Suppose 2*k - 18 = -0*z - z, -18 = -z - 3*k. Suppose 2*i + 105 = 5*i - t, -5*t = -3*i + 117. Calculate the remainder when i is divided by z.
16
Suppose -10*b = -9*b - 45. Suppose 565 = 13*m + b. What is the remainder when m is divided by 12?
4
Suppose -4*g - u = g - 27, 4*u = -5*g + 18. Suppose -3*y + 4*y - 2 = 0. Suppose -y*i = 2*i - 84. What is the remainder when i is divided by g?
3
Let y(z) = 2*z**2 - 52*z - 157. Suppose 9 = -4*f + 29. What is the remainder when y(-3) is divided by f?
2
Suppose 41 = 3*k + f, -27*k + 4*f + 106 = -21*k. Calculate the remainder when 336 is divided by k.
6
Let y be (-10)/45 + 4979/9. Suppose 5*i = -4*n - 146 + 876, -4*i + y = -3*n. Calculate the remainder when i is divided by 36.
34
Let p(k) be the third derivative of -k**4/24 + 13*k**3/6 - 10*k**2. Let d be p(0). Let g = 37 - d. Calculate the remainder when g is divided by 13.
11
Let y(c) = 17 + 24 + 11*c**2 - 2*c - 42. What is the remainder when y(-1) is divided by 4?
0
Let n = 49 - 12. Let g be (-14)/10 + (-3)/5. Let x(b) = -10*b. Calculate the remainder when n is divided by x(g).
17
Let m(i) = -i**2 + 2*i - 1. Let z be m(3). Let b = z - -29. Calculate the remainder when 96 is divided by b.
21
Suppose 31*g - 1348 = 884. Calculate the remainder when 204 is divided by g.
60
Let k(b) = -6 + 4 + 9 + 8 + 3*b. Calculate the remainder when 42 is divided by k(0).
12
Let m(c) = 95*c**2 + c + 